{"id":10,"date":"2026-04-03T15:38:54","date_gmt":"2026-04-03T15:38:54","guid":{"rendered":"https:\/\/julien.weill.mmi-velizy.fr\/cms-wp\/?page_id=10"},"modified":"2026-04-03T16:48:25","modified_gmt":"2026-04-03T16:48:25","slug":"a-propos","status":"publish","type":"page","link":"https:\/\/julien.weill.mmi-velizy.fr\/cms-wp\/a-propos\/","title":{"rendered":"\u00c0 propos"},"content":{"rendered":"\n<p><\/p>\n\n\n\n<div class=\"wp-block-group alignfull is-style-section-3 has-global-padding is-layout-constrained wp-block-group-is-layout-constrained is-style-section-3--1\" style=\"margin-top:0;margin-bottom:0;padding-top:var(--wp--preset--spacing--50);padding-bottom:var(--wp--preset--spacing--50)\">\n<div class=\"wp-block-group alignwide has-global-padding is-layout-constrained wp-block-group-is-layout-constrained\">\n<figure class=\"wp-block-image alignwide size-full\"><img loading=\"lazy\" decoding=\"async\" width=\"1707\" height=\"2560\" src=\"https:\/\/julien.weill.mmi-velizy.fr\/cms-wp\/wp-content\/uploads\/2026\/04\/Frame-10-scaled.png\" alt=\"\" class=\"wp-image-68\" srcset=\"https:\/\/julien.weill.mmi-velizy.fr\/cms-wp\/wp-content\/uploads\/2026\/04\/Frame-10-scaled.png 1707w, https:\/\/julien.weill.mmi-velizy.fr\/cms-wp\/wp-content\/uploads\/2026\/04\/Frame-10-200x300.png 200w, https:\/\/julien.weill.mmi-velizy.fr\/cms-wp\/wp-content\/uploads\/2026\/04\/Frame-10-683x1024.png 683w, https:\/\/julien.weill.mmi-velizy.fr\/cms-wp\/wp-content\/uploads\/2026\/04\/Frame-10-768x1152.png 768w, https:\/\/julien.weill.mmi-velizy.fr\/cms-wp\/wp-content\/uploads\/2026\/04\/Frame-10-1024x1536.png 1024w, https:\/\/julien.weill.mmi-velizy.fr\/cms-wp\/wp-content\/uploads\/2026\/04\/Frame-10-1365x2048.png 1365w\" sizes=\"auto, (max-width: 1707px) 100vw, 1707px\" \/><\/figure>\n\n\n\n<div class=\"wp-block-group alignfull is-layout-flow wp-block-group-is-layout-flow\">\n<h2 class=\"wp-block-heading has-text-align-left\" style=\"font-size:clamp(1rem, 380px, 24vw);font-style:normal;font-weight:700;letter-spacing:-0.02em;line-height:1\">L&rsquo;\u00e9quipe <\/h2>\n<\/div>\n<\/div>\n<\/div>\n\n\n\n<div class=\"wp-block-group alignfull has-global-padding is-layout-constrained wp-block-group-is-layout-constrained\" style=\"margin-top:0;margin-bottom:0\">\n<div class=\"wp-block-group alignwide is-layout-flow wp-container-core-group-is-layout-d58a0413 wp-block-group-is-layout-flow\" style=\"padding-top:var(--wp--preset--spacing--50);padding-bottom:var(--wp--preset--spacing--50)\">\n<h2 class=\"wp-block-heading has-x-large-font-size\">Foire aux questions<\/h2>\n\n\n\n<div class=\"wp-block-columns is-layout-flex wp-container-core-columns-is-layout-cbe57604 wp-block-columns-is-layout-flex\">\n<div class=\"wp-block-column is-layout-flow wp-block-column-is-layout-flow\">\n<div class=\"wp-block-group is-layout-flow wp-block-group-is-layout-flow\" style=\"border-top-color:var(--wp--preset--color--accent-6);border-top-width:1px;padding-top:var(--wp--preset--spacing--30);padding-bottom:var(--wp--preset--spacing--30)\">\n<h3 class=\"wp-block-heading\">De quoi parle le livre \u00ab&nbsp;Histoires&nbsp;\u00bb&nbsp;?<\/h3>\n\n\n\n<p>Cette magnifique compilation pr\u00e9sente un \u00e9ventail diversifi\u00e9 de photographies qui capturent l\u2019essence de diff\u00e9rentes \u00e9poques et cultures, refl\u00e9tant les styles et perspectives uniques de chaque artiste.<\/p>\n<\/div>\n<\/div>\n\n\n\n<div class=\"wp-block-column is-layout-flow wp-block-column-is-layout-flow\">\n<div class=\"wp-block-group is-layout-flow wp-block-group-is-layout-flow\" style=\"border-top-color:var(--wp--preset--color--accent-6);border-top-width:1px;padding-top:var(--wp--preset--spacing--30);padding-bottom:var(--wp--preset--spacing--30)\">\n<h3 class=\"wp-block-heading\">Combien le livre \u00ab&nbsp;Histoires&nbsp;\u00bb co\u00fbtera-t-il&nbsp;?<\/h3>\n\n\n\n<p>Cette magnifique compilation pr\u00e9sente un \u00e9ventail diversifi\u00e9 de photographies qui capturent l\u2019essence de diff\u00e9rentes \u00e9poques et cultures, refl\u00e9tant les styles et perspectives uniques de chaque artiste.<\/p>\n<\/div>\n<\/div>\n<\/div>\n\n\n\n<div class=\"wp-block-columns is-layout-flex wp-container-core-columns-is-layout-cbe57604 wp-block-columns-is-layout-flex\">\n<div class=\"wp-block-column is-layout-flow wp-block-column-is-layout-flow\">\n<div class=\"wp-block-group is-layout-flow wp-block-group-is-layout-flow\" style=\"border-top-color:var(--wp--preset--color--accent-6);border-top-width:1px;padding-top:var(--wp--preset--spacing--30);padding-bottom:var(--wp--preset--spacing--30)\">\n<h3 class=\"wp-block-heading\">Quand est-ce que le livre \u00ab&nbsp;Histoires&nbsp;\u00bb sortira&nbsp;?<\/h3>\n\n\n\n<p>Cette magnifique compilation pr\u00e9sente un \u00e9ventail diversifi\u00e9 de photographies qui capturent l\u2019essence de diff\u00e9rentes \u00e9poques et cultures, refl\u00e9tant les styles et perspectives uniques de chaque artiste.<\/p>\n<\/div>\n<\/div>\n\n\n\n<div class=\"wp-block-column is-layout-flow wp-block-column-is-layout-flow\">\n<div class=\"wp-block-group is-layout-flow wp-block-group-is-layout-flow\" style=\"border-top-color:var(--wp--preset--color--accent-6);border-top-width:1px;padding-top:var(--wp--preset--spacing--30);padding-bottom:var(--wp--preset--spacing--30)\">\n<h3 class=\"wp-block-heading\">Est-ce que des versions d\u00e9dicac\u00e9es sont disponibles&nbsp;?<\/h3>\n\n\n\n<p>Cette magnifique compilation pr\u00e9sente un \u00e9ventail diversifi\u00e9 de photographies qui capturent l\u2019essence de diff\u00e9rentes \u00e9poques et cultures, refl\u00e9tant les styles et perspectives uniques de chaque artiste.<\/p>\n<\/div>\n<\/div>\n<\/div>\n<\/div>\n<\/div>\n","protected":false},"excerpt":{"rendered":"<p>L&rsquo;\u00e9quipe Foire aux questions De quoi parle le livre \u00ab&nbsp;Histoires&nbsp;\u00bb&nbsp;? Cette magnifique compilation pr\u00e9sente un \u00e9ventail diversifi\u00e9 de photographies qui capturent l\u2019essence de diff\u00e9rentes \u00e9poques et cultures, refl\u00e9tant les styles et perspectives uniques de chaque artiste. Combien le livre \u00ab&nbsp;Histoires&nbsp;\u00bb co\u00fbtera-t-il&nbsp;? Cette magnifique compilation pr\u00e9sente un \u00e9ventail diversifi\u00e9 de photographies qui capturent l\u2019essence de diff\u00e9rentes [&hellip;]<\/p>\n","protected":false},"author":1,"featured_media":0,"parent":0,"menu_order":0,"comment_status":"closed","ping_status":"closed","template":"","meta":{"footnotes":""},"class_list":["post-10","page","type-page","status-publish","hentry"],"_links":{"self":[{"href":"https:\/\/julien.weill.mmi-velizy.fr\/cms-wp\/wp-json\/wp\/v2\/pages\/10","targetHints":{"allow":["GET"]}}],"collection":[{"href":"https:\/\/julien.weill.mmi-velizy.fr\/cms-wp\/wp-json\/wp\/v2\/pages"}],"about":[{"href":"https:\/\/julien.weill.mmi-velizy.fr\/cms-wp\/wp-json\/wp\/v2\/types\/page"}],"author":[{"embeddable":true,"href":"https:\/\/julien.weill.mmi-velizy.fr\/cms-wp\/wp-json\/wp\/v2\/users\/1"}],"replies":[{"embeddable":true,"href":"https:\/\/julien.weill.mmi-velizy.fr\/cms-wp\/wp-json\/wp\/v2\/comments?post=10"}],"version-history":[{"count":4,"href":"https:\/\/julien.weill.mmi-velizy.fr\/cms-wp\/wp-json\/wp\/v2\/pages\/10\/revisions"}],"predecessor-version":[{"id":82,"href":"https:\/\/julien.weill.mmi-velizy.fr\/cms-wp\/wp-json\/wp\/v2\/pages\/10\/revisions\/82"}],"wp:attachment":[{"href":"https:\/\/julien.weill.mmi-velizy.fr\/cms-wp\/wp-json\/wp\/v2\/media?parent=10"}],"curies":[{"name":"wp","href":"https:\/\/api.w.org\/{rel}","templated":true}]}}

À propos

<p></p>



<div class="wp-block-group alignfull is-style-section-3 has-global-padding is-layout-constrained wp-block-group-is-layout-constrained is-style-section-3--1" style="margin-top:0;margin-bottom:0;padding-top:var(--wp--preset--spacing--50);padding-bottom:var(--wp--preset--spacing--50)">
<div class="wp-block-group alignwide has-global-padding is-layout-constrained wp-block-group-is-layout-constrained">
<figure class="wp-block-image alignwide size-full"><img loading="lazy" decoding="async" width="1707" height="2560" src="https://julien.weill.mmi-velizy.fr/cms-wp/wp-content/uploads/2026/04/Frame-10-scaled.png" alt="" class="wp-image-68" srcset="https://julien.weill.mmi-velizy.fr/cms-wp/wp-content/uploads/2026/04/Frame-10-scaled.png 1707w, https://julien.weill.mmi-velizy.fr/cms-wp/wp-content/uploads/2026/04/Frame-10-200x300.png 200w, https://julien.weill.mmi-velizy.fr/cms-wp/wp-content/uploads/2026/04/Frame-10-683x1024.png 683w, https://julien.weill.mmi-velizy.fr/cms-wp/wp-content/uploads/2026/04/Frame-10-768x1152.png 768w, https://julien.weill.mmi-velizy.fr/cms-wp/wp-content/uploads/2026/04/Frame-10-1024x1536.png 1024w, https://julien.weill.mmi-velizy.fr/cms-wp/wp-content/uploads/2026/04/Frame-10-1365x2048.png 1365w" sizes="auto, (max-width: 1707px) 100vw, 1707px" /></figure>



<div class="wp-block-group alignfull is-layout-flow wp-block-group-is-layout-flow">
<h2 class="wp-block-heading has-text-align-left" style="font-size:clamp(1rem, 380px, 24vw);font-style:normal;font-weight:700;letter-spacing:-0.02em;line-height:1">L&rsquo;équipe </h2>
</div>
</div>
</div>



<div class="wp-block-group alignfull has-global-padding is-layout-constrained wp-block-group-is-layout-constrained" style="margin-top:0;margin-bottom:0">
<div class="wp-block-group alignwide is-layout-flow wp-container-core-group-is-layout-d58a0413 wp-block-group-is-layout-flow" style="padding-top:var(--wp--preset--spacing--50);padding-bottom:var(--wp--preset--spacing--50)">
<h2 class="wp-block-heading has-x-large-font-size">Foire aux questions</h2>



<div class="wp-block-columns is-layout-flex wp-container-core-columns-is-layout-cbe57604 wp-block-columns-is-layout-flex">
<div class="wp-block-column is-layout-flow wp-block-column-is-layout-flow">
<div class="wp-block-group is-layout-flow wp-block-group-is-layout-flow" style="border-top-color:var(--wp--preset--color--accent-6);border-top-width:1px;padding-top:var(--wp--preset--spacing--30);padding-bottom:var(--wp--preset--spacing--30)">
<h3 class="wp-block-heading">De quoi parle le livre «&nbsp;Histoires&nbsp;»&nbsp;?</h3>



<p>Cette magnifique compilation présente un éventail diversifié de photographies qui capturent l’essence de différentes époques et cultures, reflétant les styles et perspectives uniques de chaque artiste.</p>
</div>
</div>



<div class="wp-block-column is-layout-flow wp-block-column-is-layout-flow">
<div class="wp-block-group is-layout-flow wp-block-group-is-layout-flow" style="border-top-color:var(--wp--preset--color--accent-6);border-top-width:1px;padding-top:var(--wp--preset--spacing--30);padding-bottom:var(--wp--preset--spacing--30)">
<h3 class="wp-block-heading">Combien le livre «&nbsp;Histoires&nbsp;» coûtera-t-il&nbsp;?</h3>



<p>Cette magnifique compilation présente un éventail diversifié de photographies qui capturent l’essence de différentes époques et cultures, reflétant les styles et perspectives uniques de chaque artiste.</p>
</div>
</div>
</div>



<div class="wp-block-columns is-layout-flex wp-container-core-columns-is-layout-cbe57604 wp-block-columns-is-layout-flex">
<div class="wp-block-column is-layout-flow wp-block-column-is-layout-flow">
<div class="wp-block-group is-layout-flow wp-block-group-is-layout-flow" style="border-top-color:var(--wp--preset--color--accent-6);border-top-width:1px;padding-top:var(--wp--preset--spacing--30);padding-bottom:var(--wp--preset--spacing--30)">
<h3 class="wp-block-heading">Quand est-ce que le livre «&nbsp;Histoires&nbsp;» sortira&nbsp;?</h3>



<p>Cette magnifique compilation présente un éventail diversifié de photographies qui capturent l’essence de différentes époques et cultures, reflétant les styles et perspectives uniques de chaque artiste.</p>
</div>
</div>



<div class="wp-block-column is-layout-flow wp-block-column-is-layout-flow">
<div class="wp-block-group is-layout-flow wp-block-group-is-layout-flow" style="border-top-color:var(--wp--preset--color--accent-6);border-top-width:1px;padding-top:var(--wp--preset--spacing--30);padding-bottom:var(--wp--preset--spacing--30)">
<h3 class="wp-block-heading">Est-ce que des versions dédicacées sont disponibles&nbsp;?</h3>



<p>Cette magnifique compilation présente un éventail diversifié de photographies qui capturent l’essence de différentes époques et cultures, reflétant les styles et perspectives uniques de chaque artiste.</p>
</div>
</div>
</div>
</div>
</div>

<p>L&rsquo;équipe Foire aux questions De quoi parle le livre «&nbsp;Histoires&nbsp;»&nbsp;? Cette magnifique compilation présente un éventail diversifié de photographies qui capturent l’essence de différentes époques et cultures, reflétant les styles et perspectives uniques de chaque artiste. Combien le livre «&nbsp;Histoires&nbsp;» coûtera-t-il&nbsp;? Cette magnifique compilation présente un éventail diversifié de photographies qui capturent l’essence de différentes [&hellip;]</p>
